{"id":1707,"date":"2026-03-10T20:43:59","date_gmt":"2026-03-10T19:43:59","guid":{"rendered":"https:\/\/alumasystem.ma\/?page_id=1707"},"modified":"2026-03-12T00:06:29","modified_gmt":"2026-03-11T23:06:29","slug":"fenetres-et-portes-fenetres-a-frappe-series-froides","status":"publish","type":"page","link":"https:\/\/alumasystem.ma\/index.php\/fenetres-et-portes-fenetres-a-frappe-series-froides\/","title":{"rendered":"Fen\u00eatres et portes-fen\u00eatres coulissantes s\u00e9ries froides"},"content":{"rendered":"\t\t<div data-elementor-type=\"wp-page\" data-elementor-id=\"1707\" class=\"elementor elementor-1707\">\n\t\t\t\t<div class=\"elementor-element elementor-element-2de01eb9 e-flex e-con-boxed e-con e-parent\" data-id=\"2de01eb9\" data-element_type=\"container\" data-e-type=\"container\">\n\t\t\t\t\t<div class=\"e-con-inner\">\n\t\t\t\t<div class=\"elementor-element elementor-element-277ddaae elementor-widget elementor-widget-heading\" data-id=\"277ddaae\" data-element_type=\"widget\" data-e-type=\"widget\" data-settings=\"{&quot;_animation_mobile&quot;:&quot;none&quot;}\" data-widget_type=\"heading.default\">\n\t\t\t\t\t<h2 class=\"elementor-heading-title elementor-size-default\">Fen\u00eatres et portes-fen\u00eatres coulissantes s\u00e9ries froides<\/h2>\t\t\t\t<\/div>\n\t\t\t\t\t<\/div>\n\t\t\t\t<\/div>\n\t\t<div class=\"elementor-element elementor-element-5680aacb e-grid e-con-boxed e-con e-parent\" data-id=\"5680aacb\" data-element_type=\"container\" data-e-type=\"container\">\n\t\t\t\t\t<div class=\"e-con-inner\">\n\t\t\t\t<div class=\"elementor-element elementor-element-19acca99 elementor-widget elementor-widget-image\" data-id=\"19acca99\" data-element_type=\"widget\" data-e-type=\"widget\" data-widget_type=\"image.default\">\n\t\t\t\t\t\t\t\t\t\t\t\t\t\t\t<img fetchpriority=\"high\" decoding=\"async\" width=\"714\" height=\"1024\" src=\"https:\/\/alumasystem.ma\/wp-content\/uploads\/2026\/03\/hxwhxKCMwuOO5UZVDdLY-714x1024.jpg\" class=\"attachment-large size-large wp-image-1657\" alt=\"\" srcset=\"https:\/\/alumasystem.ma\/wp-content\/uploads\/2026\/03\/hxwhxKCMwuOO5UZVDdLY-714x1024.jpg 714w, https:\/\/alumasystem.ma\/wp-content\/uploads\/2026\/03\/hxwhxKCMwuOO5UZVDdLY-209x300.jpg 209w, https:\/\/alumasystem.ma\/wp-content\/uploads\/2026\/03\/hxwhxKCMwuOO5UZVDdLY-768x1102.jpg 768w, https:\/\/alumasystem.ma\/wp-content\/uploads\/2026\/03\/hxwhxKCMwuOO5UZVDdLY-453x650.jpg 453w, https:\/\/alumasystem.ma\/wp-content\/uploads\/2026\/03\/hxwhxKCMwuOO5UZVDdLY.jpg 800w\" sizes=\"(max-width: 714px) 100vw, 714px\" \/>\t\t\t\t\t\t\t\t\t\t\t\t\t\t\t<\/div>\n\t\t\t\t<div class=\"elementor-element elementor-element-502f8890 elementor-widget elementor-widget-image\" data-id=\"502f8890\" data-element_type=\"widget\" data-e-type=\"widget\" data-widget_type=\"image.default\">\n\t\t\t\t\t\t\t\t\t\t\t\t\t\t\t<img decoding=\"async\" width=\"714\" height=\"1024\" src=\"https:\/\/alumasystem.ma\/wp-content\/uploads\/2026\/03\/cOa2xlnKf5s5IEXAUAdz-714x1024.jpg\" class=\"attachment-large size-large wp-image-1658\" alt=\"\" srcset=\"https:\/\/alumasystem.ma\/wp-content\/uploads\/2026\/03\/cOa2xlnKf5s5IEXAUAdz-714x1024.jpg 714w, https:\/\/alumasystem.ma\/wp-content\/uploads\/2026\/03\/cOa2xlnKf5s5IEXAUAdz-209x300.jpg 209w, https:\/\/alumasystem.ma\/wp-content\/uploads\/2026\/03\/cOa2xlnKf5s5IEXAUAdz-768x1102.jpg 768w, https:\/\/alumasystem.ma\/wp-content\/uploads\/2026\/03\/cOa2xlnKf5s5IEXAUAdz-453x650.jpg 453w, https:\/\/alumasystem.ma\/wp-content\/uploads\/2026\/03\/cOa2xlnKf5s5IEXAUAdz.jpg 800w\" sizes=\"(max-width: 714px) 100vw, 714px\" \/>\t\t\t\t\t\t\t\t\t\t\t\t\t\t\t<\/div>\n\t\t\t\t<div class=\"elementor-element elementor-element-70f1a93c elementor-widget elementor-widget-image\" data-id=\"70f1a93c\" data-element_type=\"widget\" data-e-type=\"widget\" data-widget_type=\"image.default\">\n\t\t\t\t\t\t\t\t\t\t\t\t\t\t\t<img decoding=\"async\" width=\"714\" height=\"1024\" src=\"https:\/\/alumasystem.ma\/wp-content\/uploads\/2026\/03\/CVxWN3Oowfw8RdW29zfp-714x1024.jpg\" class=\"attachment-large size-large wp-image-1659\" alt=\"\" srcset=\"https:\/\/alumasystem.ma\/wp-content\/uploads\/2026\/03\/CVxWN3Oowfw8RdW29zfp-714x1024.jpg 714w, https:\/\/alumasystem.ma\/wp-content\/uploads\/2026\/03\/CVxWN3Oowfw8RdW29zfp-209x300.jpg 209w, https:\/\/alumasystem.ma\/wp-content\/uploads\/2026\/03\/CVxWN3Oowfw8RdW29zfp-768x1102.jpg 768w, https:\/\/alumasystem.ma\/wp-content\/uploads\/2026\/03\/CVxWN3Oowfw8RdW29zfp-453x650.jpg 453w, https:\/\/alumasystem.ma\/wp-content\/uploads\/2026\/03\/CVxWN3Oowfw8RdW29zfp.jpg 800w\" sizes=\"(max-width: 714px) 100vw, 714px\" \/>\t\t\t\t\t\t\t\t\t\t\t\t\t\t\t<\/div>\n\t\t\t\t\t<\/div>\n\t\t\t\t<\/div>\n\t\t\t\t<\/div>\n\t\t","protected":false},"excerpt":{"rendered":"<p>Fen\u00eatres et portes-fen\u00eatres coulissantes s\u00e9ries froides<\/p>\n","protected":false},"author":1,"featured_media":0,"parent":0,"menu_order":0,"comment_status":"closed","ping_status":"closed","template":"","meta":{"footnotes":""},"class_list":["post-1707","page","type-page","status-publish","hentry"],"_links":{"self":[{"href":"https:\/\/alumasystem.ma\/index.php\/wp-json\/wp\/v2\/pages\/1707","targetHints":{"allow":["GET"]}}],"collection":[{"href":"https:\/\/alumasystem.ma\/index.php\/wp-json\/wp\/v2\/pages"}],"about":[{"href":"https:\/\/alumasystem.ma\/index.php\/wp-json\/wp\/v2\/types\/page"}],"author":[{"embeddable":true,"href":"https:\/\/alumasystem.ma\/index.php\/wp-json\/wp\/v2\/users\/1"}],"replies":[{"embeddable":true,"href":"https:\/\/alumasystem.ma\/index.php\/wp-json\/wp\/v2\/comments?post=1707"}],"version-history":[{"count":17,"href":"https:\/\/alumasystem.ma\/index.php\/wp-json\/wp\/v2\/pages\/1707\/revisions"}],"predecessor-version":[{"id":1743,"href":"https:\/\/alumasystem.ma\/index.php\/wp-json\/wp\/v2\/pages\/1707\/revisions\/1743"}],"wp:attachment":[{"href":"https:\/\/alumasystem.ma\/index.php\/wp-json\/wp\/v2\/media?parent=1707"}],"curies":[{"name":"wp","href":"https:\/\/api.w.org\/{rel}","templated":true}]}}