{"id":1693,"date":"2026-03-10T20:37:04","date_gmt":"2026-03-10T19:37:04","guid":{"rendered":"https:\/\/alumasystem.ma\/?page_id=1693"},"modified":"2026-03-12T00:12:31","modified_gmt":"2026-03-11T23:12:31","slug":"fenetres-et-portes-fenetres-coulissantes-series-a-rupture-de-pont-thermique","status":"publish","type":"page","link":"https:\/\/alumasystem.ma\/index.php\/fenetres-et-portes-fenetres-coulissantes-series-a-rupture-de-pont-thermique\/","title":{"rendered":"Fen\u00eatres et portes-fen\u00eatres coulissantes s\u00e9ries \u00e0 rupture de pont thermique"},"content":{"rendered":"\t\t<div data-elementor-type=\"wp-page\" data-elementor-id=\"1693\" class=\"elementor elementor-1693\">\n\t\t\t\t<div class=\"elementor-element elementor-element-413e1680 e-flex e-con-boxed e-con e-parent\" data-id=\"413e1680\" data-element_type=\"container\" data-e-type=\"container\">\n\t\t\t\t\t<div class=\"e-con-inner\">\n\t\t\t\t<div class=\"elementor-element elementor-element-4fc4db0c elementor-widget elementor-widget-heading\" data-id=\"4fc4db0c\" data-element_type=\"widget\" data-e-type=\"widget\" data-settings=\"{&quot;_animation_mobile&quot;:&quot;none&quot;}\" data-widget_type=\"heading.default\">\n\t\t\t\t\t<h2 class=\"elementor-heading-title elementor-size-default\">Fen\u00eatres et portes fen\u00eatres coulissantes s\u00e9ries \u00e0 rupture de pont thermique<\/h2>\t\t\t\t<\/div>\n\t\t\t\t\t<\/div>\n\t\t\t\t<\/div>\n\t\t<div class=\"elementor-element elementor-element-1c4e354f e-grid e-con-boxed e-con e-parent\" data-id=\"1c4e354f\" data-element_type=\"container\" data-e-type=\"container\">\n\t\t\t\t\t<div class=\"e-con-inner\">\n\t\t\t\t<div class=\"elementor-element elementor-element-3eaa1c2e elementor-widget elementor-widget-image\" data-id=\"3eaa1c2e\" data-element_type=\"widget\" data-e-type=\"widget\" data-widget_type=\"image.default\">\n\t\t\t\t\t\t\t\t\t\t\t\t\t\t\t<img fetchpriority=\"high\" decoding=\"async\" width=\"724\" height=\"1024\" src=\"https:\/\/alumasystem.ma\/wp-content\/uploads\/2026\/03\/aVTdXCnItWPv2Qyp2B5c-724x1024.jpg\" class=\"attachment-large size-large wp-image-1696\" alt=\"\" srcset=\"https:\/\/alumasystem.ma\/wp-content\/uploads\/2026\/03\/aVTdXCnItWPv2Qyp2B5c-724x1024.jpg 724w, https:\/\/alumasystem.ma\/wp-content\/uploads\/2026\/03\/aVTdXCnItWPv2Qyp2B5c-212x300.jpg 212w, https:\/\/alumasystem.ma\/wp-content\/uploads\/2026\/03\/aVTdXCnItWPv2Qyp2B5c-768x1086.jpg 768w, https:\/\/alumasystem.ma\/wp-content\/uploads\/2026\/03\/aVTdXCnItWPv2Qyp2B5c-1086x1536.jpg 1086w, https:\/\/alumasystem.ma\/wp-content\/uploads\/2026\/03\/aVTdXCnItWPv2Qyp2B5c-1448x2048.jpg 1448w, https:\/\/alumasystem.ma\/wp-content\/uploads\/2026\/03\/aVTdXCnItWPv2Qyp2B5c-460x650.jpg 460w, https:\/\/alumasystem.ma\/wp-content\/uploads\/2026\/03\/aVTdXCnItWPv2Qyp2B5c-scaled.jpg 1810w\" sizes=\"(max-width: 724px) 100vw, 724px\" \/>\t\t\t\t\t\t\t\t\t\t\t\t\t\t\t<\/div>\n\t\t\t\t\t<\/div>\n\t\t\t\t<\/div>\n\t\t\t\t<\/div>\n\t\t","protected":false},"excerpt":{"rendered":"<p>Fen\u00eatres et portes fen\u00eatres coulissantes s\u00e9ries \u00e0 rupture de pont thermique<\/p>\n","protected":false},"author":1,"featured_media":0,"parent":0,"menu_order":0,"comment_status":"closed","ping_status":"closed","template":"","meta":{"footnotes":""},"class_list":["post-1693","page","type-page","status-publish","hentry"],"_links":{"self":[{"href":"https:\/\/alumasystem.ma\/index.php\/wp-json\/wp\/v2\/pages\/1693","targetHints":{"allow":["GET"]}}],"collection":[{"href":"https:\/\/alumasystem.ma\/index.php\/wp-json\/wp\/v2\/pages"}],"about":[{"href":"https:\/\/alumasystem.ma\/index.php\/wp-json\/wp\/v2\/types\/page"}],"author":[{"embeddable":true,"href":"https:\/\/alumasystem.ma\/index.php\/wp-json\/wp\/v2\/users\/1"}],"replies":[{"embeddable":true,"href":"https:\/\/alumasystem.ma\/index.php\/wp-json\/wp\/v2\/comments?post=1693"}],"version-history":[{"count":19,"href":"https:\/\/alumasystem.ma\/index.php\/wp-json\/wp\/v2\/pages\/1693\/revisions"}],"predecessor-version":[{"id":1753,"href":"https:\/\/alumasystem.ma\/index.php\/wp-json\/wp\/v2\/pages\/1693\/revisions\/1753"}],"wp:attachment":[{"href":"https:\/\/alumasystem.ma\/index.php\/wp-json\/wp\/v2\/media?parent=1693"}],"curies":[{"name":"wp","href":"https:\/\/api.w.org\/{rel}","templated":true}]}}